{"id":837,"date":"2024-07-19T12:40:04","date_gmt":"2024-07-19T12:40:04","guid":{"rendered":"https:\/\/dukamp.com.br\/?product=020125aditivo-rodeo-bulls-turbo-20kg-000-363800-150000401100040-0000-n"},"modified":"2024-07-30T12:50:45","modified_gmt":"2024-07-30T12:50:45","slug":"aditivo-rodeo-bulls-turbo-20kg","status":"publish","type":"product","link":"https:\/\/www.dukamp.com.br\/?product=aditivo-rodeo-bulls-turbo-20kg","title":{"rendered":"ADITIVO RODEO BULLS TURBO 20KG"},"content":{"rendered":"<h2>Indica\u00e7\u00e3o<\/h2>\n<p><span class=\"fontstyle0\">Aditivo mineral e vitam\u00ednico para mistura, indicado para<br \/>\nbovinos atletas ou submetidos a atividades de alta intensidade.<\/span><\/p>\n<h2>Instru\u00e7\u00f5es de uso<\/h2>\n<p><span class=\"fontstyle0\">Recomenda-se fornecer o aditivo misturado \u00e0 ra\u00e7\u00e3o. Este<br \/>\nsuplemento n\u00e3o substitui o suplemento mineral, devendo este<br \/>\ncontinuar a ser fornecido aos animais. Fornecer somente para<br \/>\nbovinos, seguindo as orienta\u00e7\u00f5es abaixo:<\/span><\/p>\n<table class=\"NormalTable\">\n<tbody>\n<tr>\n<td width=\"200\"><span class=\"fontstyle0\">CATEGORIAL<br \/>\nANIMAL <\/span><\/td>\n<td width=\"200\"><span class=\"fontstyle0\">QUANTIDADE<\/span><\/td>\n<\/tr>\n<tr>\n<td width=\"200\"><span class=\"fontstyle2\">Adultos acima de 500<br \/>\nkg<\/span><\/td>\n<td width=\"200\"><span class=\"fontstyle2\">100 gramas por dia, durante os 7 dias que<br \/>\nantecedem algum evento esportivo<\/span><\/td>\n<\/tr>\n<tr>\n<td width=\"200\"><span class=\"fontstyle2\">Manuten\u00e7\u00e3o e<br \/>\nanimais jovens <\/span><\/td>\n<td width=\"200\"><span class=\"fontstyle2\">50 gramas por dia<\/span><\/td>\n<\/tr>\n<\/tbody>\n<\/table>\n<p>&nbsp;<\/p>\n<p><span class=\"fontstyle0\">Conservar em local coberto, fresco, arejado, livre de insetos e roedoras e devidamente embalado.<br \/>\nImpedir que entre em contato com luz solar direta e umidade. N\u00e3o armazenar junto a combust\u00edveis,<br \/>\nfertilizantes, produtos t\u00f3xicos e\/ou em contato direto com o solo e paredes.<\/span><\/p>\n<h2>N\u00edveis de Garantia<\/h2>\n<p>Pot\u00e1ssio (min) 20g<\/p>\n<p>S\u00f3dio (min) 7g<\/p>\n<p>Cobalto (min) 50 mg<\/p>\n<p>Cobre (min) 620 mg<\/p>\n<p>Iodo (min) 40 mg<\/p>\n<p>Ferro (min) 50 mg<\/p>\n<p>Mangan\u00eas (min) 600 mg<\/p>\n<p>Sel\u00eanio (min) 20 mg<\/p>\n<p>Zinco (min) 3.000 mg<\/p>\n<p>Cromo (min) 20 mg<\/p>\n<p>Vitamina A (min) 200.000 U.I<\/p>\n<p>Vitamina D3 (min) 20.000 U.I<\/p>\n<p>Vitamina E (min) 3.500 U.I<\/p>\n<p>Vitamina B1 ( min) 190 mg<\/p>\n<p>Pantotenato de C\u00e1lcio (min) 600 mg<\/p>\n<p>Vitamina B 12 (min) 1.100 mg<\/p>\n<p>Vitamina B2 (min) 550 mg<\/p>\n<p>Piridoxina (min) 89 mg<\/p>\n<p>\u00c1cido F\u00f3lico (min) 77 mg<\/p>\n<p>Vitamina C (min) 175 mg<\/p>\n<p>Biotina (min) 13 mg<\/p>\n<p>Colina (min) 5.010 mg<\/p>\n<p>Niacina (min) 602 mg<\/p>\n<p>Lisina (min) 33 g<\/p>\n<p>Metionina (min) 12 g<\/p>\n<p>\u00c1cido \u00e1spartico (min) 11,100 g<\/p>\n<p>\u00c1cido glut\u00e2minco (min) 13,750 g<\/p>\n<p>Alanina (min) 7.220 mg<\/p>\n<p>Argimina (min0 4.150 mg<\/p>\n<p>Ciste\u00edna (min) 750 mg<\/p>\n<p>Fenilalanina (min) 4.050 mg<\/p>\n<p>Glicina (min) 4.850 mg<\/p>\n<p>Histidina (min) 2.050 mg<\/p>\n<p>Isoleucina (min) 5.050 mg<\/p>\n<p>Leucina (min) 7.450 mg<\/p>\n<p>Prolina (min) 3.125 mg<\/p>\n<p>Serina (min) 5.650 mg<\/p>\n<p>Tirosina (min) 7.075 mg<\/p>\n<p>Treonina (min) 5.100 mg<\/p>\n<p>Triptofano (min) 775 mg<\/p>\n<p>Valina (min) 6.250 mg<\/p>\n<p>\u00c1cido Ol\u00e9ico (min) 6.250 mg<\/p>\n<p>\u00c1cido Linol\u00e9ico (min) 79,200 g<\/p>\n<p>\u00c1cido Linol\u00e9ico (min) 105, 500 g<\/p>\n<p>Creatina (min) 320 g<\/p>\n<p>Ve\u00edculo Q.S.P 1000 g<\/p>\n","protected":false},"excerpt":{"rendered":"<h2>Indica\u00e7\u00e3o<\/h2>\n<p><span class=\"fontstyle0\">Aditivo mineral e vitam\u00ednico para mistura, indicado para<br \/>\nbovinos atletas ou submetidos a atividades de alta intensidade.<\/span><\/p>\n","protected":false},"featured_media":927,"comment_status":"open","ping_status":"closed","template":"","meta":{"_joinchat":[]},"product_cat":[29],"product_tag":[43,42],"class_list":{"0":"post-837","1":"product","2":"type-product","3":"status-publish","4":"has-post-thumbnail","6":"product_cat-rodeio","7":"product_tag-dukamp-rodeo-bulls-turbo","8":"product_tag-rodeio","10":"first","11":"instock","12":"taxable","13":"shipping-taxable","14":"purchasable","15":"product-type-simple","16":"add-to-wishlist-after_add_to_cart"},"jetpack_sharing_enabled":true,"_links":{"self":[{"href":"https:\/\/www.dukamp.com.br\/index.php?rest_route=\/wp\/v2\/product\/837","targetHints":{"allow":["GET"]}}],"collection":[{"href":"https:\/\/www.dukamp.com.br\/index.php?rest_route=\/wp\/v2\/product"}],"about":[{"href":"https:\/\/www.dukamp.com.br\/index.php?rest_route=\/wp\/v2\/types\/product"}],"replies":[{"embeddable":true,"href":"https:\/\/www.dukamp.com.br\/index.php?rest_route=%2Fwp%2Fv2%2Fcomments&post=837"}],"wp:featuredmedia":[{"embeddable":true,"href":"https:\/\/www.dukamp.com.br\/index.php?rest_route=\/wp\/v2\/media\/927"}],"wp:attachment":[{"href":"https:\/\/www.dukamp.com.br\/index.php?rest_route=%2Fwp%2Fv2%2Fmedia&parent=837"}],"wp:term":[{"taxonomy":"product_cat","embeddable":true,"href":"https:\/\/www.dukamp.com.br\/index.php?rest_route=%2Fwp%2Fv2%2Fproduct_cat&post=837"},{"taxonomy":"product_tag","embeddable":true,"href":"https:\/\/www.dukamp.com.br\/index.php?rest_route=%2Fwp%2Fv2%2Fproduct_tag&post=837"}],"curies":[{"name":"wp","href":"https:\/\/api.w.org\/{rel}","templated":true}]}}